{"id":384,"date":"2022-01-21T13:05:42","date_gmt":"2022-01-21T10:05:42","guid":{"rendered":"http:\/\/localhost\/wordpress\/?page_id=384"},"modified":"2022-03-04T14:52:40","modified_gmt":"2022-03-04T11:52:40","slug":"basvurusureci","status":"publish","type":"page","link":"https:\/\/tasityonetim.com\/v2\/basvurusureci\/","title":{"rendered":"Ba\u015fvuru S\u00fcreci"},"content":{"rendered":"<div class=\"\" style=\"\" >\n    \n    <section class=\"u-clearfix u-grey-10 u-section-2\" id=\"sec-1eb9\">\n      <div class=\"u-clearfix u-sheet u-sheet-1\">\n        <h3 class=\"u-custom-font u-font-roboto u-text u-text-default u-text-1\">Ba\u015fvuru S\u00fcreci<\/h3>\n        <div class=\"u-clearfix u-layout-wrap u-layout-wrap-1\">\n          <div class=\"u-layout\">\n            <div class=\"u-layout-row\">\n              <div class=\"u-container-style u-image u-layout-cell u-size-30 u-image-1\" data-image-width=\"343\" data-image-height=\"235\" style=\"background-image: url(&quot;https:\/\/tasityonetim.com\/v2\/wp-content\/uploads\/2022\/03\/tym-ikon-01.png&quot;);\">\n                <div class=\"u-container-layout u-valign-top u-container-layout-1\"><\/div>\n              <\/div>\n              <div class=\"u-container-style u-layout-cell u-size-30 u-layout-cell-2\">\n                <div class=\"u-container-layout u-container-layout-2\">\n                  <div class=\"u-clearfix u-gutter-0 u-layout-wrap u-layout-wrap-2\">\n                    <div class=\"u-layout\">\n                      <div class=\"u-layout-row\">\n                        <div class=\"u-container-style u-image u-layout-cell u-size-30 u-image-2\" data-image-width=\"343\" data-image-height=\"235\" style=\"background-image: url(&quot;https:\/\/tasityonetim.com\/v2\/wp-content\/uploads\/2022\/03\/tym-ikon-05.png&quot;);\">\n                          <div class=\"u-container-layout u-container-layout-3\"><\/div>\n                        <\/div>\n                        <div class=\"u-container-style u-layout-cell u-size-30 u-layout-cell-4\">\n                          <div class=\"u-container-layout u-valign-middle u-container-layout-4\">\n                            <p class=\"u-custom-font u-font-montserrat u-text u-text-2\"> M\u00fc\u015fteri&nbsp;<b>Ta\u015f\u0131tmatik<\/b>&nbsp;logosu sayesinde tan\u0131n\u0131r ve Ta\u015f\u0131tmatik pompalar\u0131na y\u00f6nlendirilir.\n                            <\/p>\n                          <\/div>\n                        <\/div>\n                      <\/div>\n                    <\/div>\n                  <\/div>\n                  <p class=\"u-custom-font u-font-montserrat u-text u-text-default u-text-3\"> M\u00fc\u015fterimiz ve&nbsp;<b>Ta\u015f\u0131t Y\u00f6netim Merkezi<\/b>&nbsp;yetkilisi&nbsp;<b>BP Ta\u015f\u0131tmatik<\/b>\u2019e dahil olmak i\u00e7in anla\u015f\u0131r.\n                  <\/p>\n                <\/div>\n              <\/div>\n            <\/div>\n          <\/div>\n        <\/div>\n        <div class=\"u-clearfix u-layout-wrap u-layout-wrap-3\">\n          <div class=\"u-layout\">\n            <div class=\"u-layout-row\">\n              <div class=\"u-container-style u-image u-layout-cell u-size-30 u-image-3\" data-image-width=\"343\" data-image-height=\"235\" style=\"background-image: url(&quot;https:\/\/tasityonetim.com\/v2\/wp-content\/uploads\/2022\/03\/tym-ikon-02.png&quot;);\">\n                <div class=\"u-container-layout u-container-layout-5\"><\/div>\n              <\/div>\n              <div class=\"u-container-style u-layout-cell u-size-30 u-layout-cell-6\">\n                <div class=\"u-container-layout u-container-layout-6\">\n                  <div class=\"u-clearfix u-layout-wrap u-layout-wrap-4\">\n                    <div class=\"u-layout\">\n                      <div class=\"u-layout-row\">\n                        <div class=\"u-container-style u-image u-layout-cell u-size-30 u-image-4\" data-image-width=\"343\" data-image-height=\"235\" style=\"background-image: url(&quot;https:\/\/tasityonetim.com\/v2\/wp-content\/uploads\/2022\/03\/tym-ikon-06.png&quot;);\">\n                          <div class=\"u-container-layout u-container-layout-7\"><\/div>\n                        <\/div>\n                        <div class=\"u-container-style u-layout-cell u-size-30 u-layout-cell-8\">\n                          <div class=\"u-container-layout u-valign-top u-container-layout-8\">\n                            <p class=\"u-custom-font u-font-montserrat u-text u-text-4\"> S\u00fcr\u00fcc\u00fc&nbsp;<b>Ta\u015f\u0131tmatik<\/b>&nbsp;pompas\u0131na yana\u015f\u0131r. \u00d6n saha eleman\u0131 yak\u0131t tabancas\u0131n\u0131 arac\u0131na soktu\u011funda, arac\u0131n depo a\u011fz\u0131na monte edilmi\u015f Ak\u0131ll\u0131 Halka ile pompa ileti\u015fime ge\u00e7er\n                            <\/p>\n                          <\/div>\n                        <\/div>\n                      <\/div>\n                    <\/div>\n                  <\/div>\n                  <p class=\"u-custom-font u-font-montserrat u-text u-text-5\"> M\u00fc\u015fteri,&nbsp;<b>Ta\u015f\u0131t Y\u00f6netim Merkezi<\/b>\u2019nin anla\u015fma\u200bl\u0131 oldu\u011fu bankalardan kullan\u0131m limiti kadar DBS veya teminat mektubu veyahut online kredi kart\u0131 ile sisteme dahil olur. \n                  <\/p>\n                <\/div>\n              <\/div>\n            <\/div>\n          <\/div>\n        <\/div>\n        <div class=\"u-clearfix u-layout-wrap u-layout-wrap-5\">\n          <div class=\"u-layout\">\n            <div class=\"u-layout-row\">\n              <div class=\"u-container-style u-image u-layout-cell u-size-30 u-image-5\" data-image-width=\"343\" data-image-height=\"235\" style=\"background-image: url(&quot;https:\/\/tasityonetim.com\/v2\/wp-content\/uploads\/2022\/03\/tym-ikon-03.png&quot;);\">\n                <div class=\"u-container-layout u-container-layout-9\"><\/div>\n              <\/div>\n              <div class=\"u-container-style u-layout-cell u-size-30 u-layout-cell-10\">\n                <div class=\"u-container-layout u-container-layout-10\">\n                  <div class=\"u-clearfix u-layout-wrap u-layout-wrap-6\">\n                    <div class=\"u-layout\">\n                      <div class=\"u-layout-row\">\n                        <div class=\"u-container-style u-image u-layout-cell u-size-31 u-image-6\" data-image-width=\"343\" data-image-height=\"235\" style=\"background-image: url(&quot;https:\/\/tasityonetim.com\/v2\/wp-content\/uploads\/2022\/03\/tym-ikon-07.png&quot;);\">\n                          <div class=\"u-container-layout u-container-layout-11\"><\/div>\n                        <\/div>\n                        <div class=\"u-container-style u-layout-cell u-size-29 u-layout-cell-12\">\n                          <div class=\"u-container-layout u-valign-middle u-container-layout-12\">\n                            <p class=\"u-custom-font u-font-montserrat u-text u-text-6\"> Yap\u0131lan dolum, pompadaki ak\u0131ll\u0131 sistem \u00fczerinden&nbsp;<b>BP Ta\u015f\u0131tmatik<\/b>&nbsp;merkez bilgisayarlar\u0131\u200bna aktar\u0131l\u0131r. Verile\u200bn yak\u0131t\u0131n t\u00fcr\u00fc, miktar\u0131 ve al\u0131m zaman\u0131 veri bankas\u0131na kaydedilir ve t\u00fcm bilgiler istasyona geri y\u00f6nlendirilir.\n                            <\/p>\n                          <\/div>\n                        <\/div>\n                      <\/div>\n                    <\/div>\n                  <\/div>\n                  <p class=\"u-custom-font u-font-montserrat u-text u-text-default u-text-7\"> Bankadan limit onay\u0131 al\u0131nd\u0131ktan son\u200bra&nbsp;<b>Ta\u015f\u0131\u200btmatik \u00fcnitesi veya anahtarl\u0131\u011f\u0131<\/b>&nbsp;programlan\u0131p m\u00fc\u015fterimize kargo ile g\u00f6nderilir. \n                  <\/p>\n                <\/div>\n              <\/div>\n            <\/div>\n          <\/div>\n        <\/div>\n        <div class=\"u-clearfix u-layout-wrap u-layout-wrap-7\">\n          <div class=\"u-layout\">\n            <div class=\"u-layout-row\">\n              <div class=\"u-container-style u-image u-layout-cell u-size-30 u-image-7\" data-image-width=\"343\" data-image-height=\"235\" style=\"background-image: url(&quot;https:\/\/tasityonetim.com\/v2\/wp-content\/uploads\/2022\/03\/tym-ikon-04.png&quot;);\">\n                <div class=\"u-container-layout u-container-layout-13\"><\/div>\n              <\/div>\n              <div class=\"u-container-style u-layout-cell u-size-30 u-layout-cell-14\">\n                <div class=\"u-container-layout u-valign-top u-container-layout-14\">\n                  <div class=\"u-clearfix u-layout-wrap u-layout-wrap-8\">\n                    <div class=\"u-layout\">\n                      <div class=\"u-layout-row\">\n                        <div class=\"u-container-style u-image u-layout-cell u-size-30 u-image-8\" data-image-width=\"343\" data-image-height=\"235\" style=\"background-image: url(&quot;https:\/\/tasityonetim.com\/v2\/wp-content\/uploads\/2022\/03\/tym-ikon-08.png&quot;);\">\n                          <div class=\"u-container-layout u-container-layout-15\"><\/div>\n                        <\/div>\n                        <div class=\"u-container-style u-layout-cell u-size-30 u-layout-cell-16\">\n                          <div class=\"u-container-layout u-container-layout-16\">\n                            <p class=\"u-custom-font u-font-montserrat u-text u-text-default u-text-8\"><b>Ta\u015f\u0131tmatik<\/b>&nbsp;kapsam\u0131ndaki yak\u0131t t\u00fcketimi \u200bayda 3 kez fatura edilip toplu olarak size g\u00f6nderilir.\n                            <\/p>\n                          <\/div>\n                        <\/div>\n                      <\/div>\n                    <\/div>\n                  <\/div>\n                  <p class=\"u-custom-font u-font-montserrat u-text u-text-9\"><b>Ta\u015f\u0131tmatik<\/b>&nbsp;\u00fcnitesi montaj servisleri taraf\u0131ndan araca monte edilir. \n                  <\/p>\n                <\/div>\n              <\/div>\n            <\/div>\n          <\/div>\n        <\/div>\n        <div class=\"u-clearfix u-layout-wrap u-layout-wrap-9\">\n          <div class=\"u-layout\">\n            <div class=\"u-layout-row\">\n              <div class=\"u-container-style u-image u-layout-cell u-size-30 u-image-9\" data-image-width=\"343\" data-image-height=\"235\" style=\"background-image: url(&quot;https:\/\/tasityonetim.com\/v2\/wp-content\/uploads\/2022\/03\/tym-ikon-09.png&quot;);\">\n                <div class=\"u-container-layout u-container-layout-17\"><\/div>\n              <\/div>\n              <div class=\"u-container-style u-layout-cell u-size-30 u-layout-cell-18\">\n                <div class=\"u-container-layout u-container-layout-18\">\n                  <p class=\"u-custom-font u-font-montserrat u-text u-text-10\"> Ta\u015f\u0131tmatik ile ilgili firma unvan bilgileri,\nfirma limitleri, raporlama, kredi kart\u0131 bilgileri, ara\u00e7 listesi, yeni ara\u00e7\nekleme ve sistemden ara\u00e7 \u00e7\u0131karma i\u015flemlerini <a href=\"https:\/\/tasityonetim.com\/Customer\/\" class=\"u-btn u-button-link u-button-style u-text-palette-1-base u-btn-1\" target=\"_blank\">https:\/\/tasityonetim.com\/Customer\/<\/a>\n                    <br>internet sitesi \u00fczerinden bilgisayar\u0131n\u0131z, cep telefonunuz veya tabletinizden kullan\u0131c\u0131 ad\u0131 ve \u015fifrenizi girerek y\u00f6netebilirsiniz.\n                  <\/p>\n                <\/div>\n              <\/div>\n            <\/div>\n          <\/div>\n        <\/div>\n      <\/div>\n    <\/section>\n    \n    \n    \n  \n<\/div>","protected":false},"excerpt":{"rendered":"<p>Ba\u015fvuru S\u00fcreci M\u00fc\u015fteri&nbsp;Ta\u015f\u0131tmatik&nbsp;logosu sayesinde tan\u0131n\u0131r ve Ta\u015f\u0131tmatik pompalar\u0131na y\u00f6nlendirilir. M\u00fc\u015fterimiz ve&nbsp;Ta\u015f\u0131t Y\u00f6netim Merkezi&nbsp;yetkilisi&nbsp;BP Ta\u015f\u0131tmatik\u2019e dahil olmak i\u00e7in anla\u015f\u0131r. S\u00fcr\u00fcc\u00fc&nbsp;Ta\u015f\u0131tmatik&nbsp;pompas\u0131na yana\u015f\u0131r. \u00d6n saha eleman\u0131 yak\u0131t tabancas\u0131n\u0131 arac\u0131na soktu\u011funda, arac\u0131n depo a\u011fz\u0131na monte edilmi\u015f Ak\u0131ll\u0131 Halka ile pompa ileti\u015fime ge\u00e7er M\u00fc\u015fteri,&nbsp;Ta\u015f\u0131t Y\u00f6netim Merkezi\u2019nin anla\u015fma\u200bl\u0131 oldu\u011fu bankalardan kullan\u0131m limiti kadar DBS veya teminat mektubu veyahut online kredi kart\u0131&hellip; <a class=\"more-link\" href=\"https:\/\/tasityonetim.com\/v2\/basvurusureci\/\">Okumaya devam et <span class=\"screen-reader-text\">Ba\u015fvuru S\u00fcreci<\/span><\/a><\/p>\n","protected":false},"author":1,"featured_media":0,"parent":0,"menu_order":0,"comment_status":"closed","ping_status":"closed","template":"","meta":{"footnotes":""},"class_list":["post-384","page","type-page","status-publish","hentry","entry"],"_links":{"self":[{"href":"https:\/\/tasityonetim.com\/v2\/wp-json\/wp\/v2\/pages\/384","targetHints":{"allow":["GET"]}}],"collection":[{"href":"https:\/\/tasityonetim.com\/v2\/wp-json\/wp\/v2\/pages"}],"about":[{"href":"https:\/\/tasityonetim.com\/v2\/wp-json\/wp\/v2\/types\/page"}],"author":[{"embeddable":true,"href":"https:\/\/tasityonetim.com\/v2\/wp-json\/wp\/v2\/users\/1"}],"replies":[{"embeddable":true,"href":"https:\/\/tasityonetim.com\/v2\/wp-json\/wp\/v2\/comments?post=384"}],"version-history":[{"count":12,"href":"https:\/\/tasityonetim.com\/v2\/wp-json\/wp\/v2\/pages\/384\/revisions"}],"predecessor-version":[{"id":686,"href":"https:\/\/tasityonetim.com\/v2\/wp-json\/wp\/v2\/pages\/384\/revisions\/686"}],"wp:attachment":[{"href":"https:\/\/tasityonetim.com\/v2\/wp-json\/wp\/v2\/media?parent=384"}],"curies":[{"name":"wp","href":"https:\/\/api.w.org\/{rel}","templated":true}]}}